q. What is the hundreds digit of p?
1
Suppose 21*q = 32*q - 261613. What is the thousands digit of q?
3
Let q be (-172)/3 - (-46)/(-69). Let t = q + 162. Suppose -48 - t = -4*r. What is the tens digit of r?
3
Let v(d) = 109 - 5*d - 80 - 82. Let k be v(-11). Suppose z - 691 = g - 6*g, k*z = 2. What is the hundreds digit of g?
1
Suppose 0*y = 3*y - 756. Let i(u) = -u**2 - 6*u - 1. Let h be i(-7). What is the tens digit of (h/(-12))/(4/y)?
4
Let h = 51 - -13. Suppose h = -t + 17. Let a = 162 + t. What is the units digit of a?
5
Let z(g) = g**3 - 7*g**2 + 11*g - 31. Let t be z(7). What is the hundreds digit of t/(261/252 - 1)?
2
Suppose 3*w - 605 = -5*c + 496, -2*c - 2*w + 438 = 0. Suppose -287 - c = -r. What is the hundreds digit of r?
5
Suppose 700 = 4*a + 2*o, 2*o = 3*a - 593 + 75. Suppose 0 = -21*j + 15*j + a. What is the tens digit of j?
2
Suppose -101*z = -125*z + 168744. What is the thousands digit of z?
7
Let g = 21032 + 13713. What is the units digit of g?
5
What is the hundreds digit of ((-68285)/(-14))/(45/216)?
4
Suppose -4*r - 40 = -3*j, 2*r + 74 = 5*j - r. Suppose 2*l = -2*m - 2*l + 12, -4*l = -j. What is the units digit of (-266)/1*(m - (-12)/8)?
3
Let q = -37 - -37. Suppose q*w - 5*w = -2085. Suppose w = 3*j - 5*u, -u + 5*u = -5*j + 695. What is the tens digit of j?
3
Let n(i) = -37*i + 11*i + 78*i**2 + 29*i**2 - 2*i**2 + 4. What is the units digit of n(4)?
0
What is the hundreds digit of (-92853520)/(-4264) + (-4)/26?
7
Suppose 5*l = -0*l + 6375. Suppose 0 = -8*j + l + 2669. What is the tens digit of j?
9
Let a(y) = 64*y**3 + y**2 - y - 1. Let i be a(-1). Let q = i + 34. What is the tens digit of q*(-6 - -3 - -4 - 2)?
2
Let d(r) = r**3 + 8*r**2 - 8*r + 9. Let m be d(-9). Suppose -4*w + 0*w - 2*g + 26 = 0, 2*g + 6 = m. Let o(n) = 7*n - 3. What is the units digit of o(w)?
3
Let d(k) = -k**3 + 8*k**2 + 4*k - 11. Let m be d(8). Let t = -5 + m. Suppose -13*q - 312 = -t*q. What is the hundreds digit of q?
1
Suppose 3*a = 4*i - 12868 - 892, 3*a = 12. What is the hundreds digit of i?
4
Let u = 14365 + -10228. What is the units digit of u?
7
Let d = -262 + 266. Suppose 0 = b - d*l - 1580, 2*b + 5*l + 132 - 3357 = 0. What is the thousands digit of b?
1
Suppose 0 = -y + 11 - 8. Suppose -y*f - 5*j = 66, -110 = 2*f + 3*f + 2*j. What is the units digit of (-4)/f + 1868/11?
0
Suppose 2*a - h - 13953 = 0, 4*a - 12998 = -h + 14917. What is the hundreds digit of a?
9
Let l(j) = j**2 - j + 1. Let c(w) = 2*w**3 + 9*w**2 + 8*w - 19. Let p(n) = -c(n) - 6*l(n). What is the units digit of p(-11)?
2
Suppose -6*g + 2856 = -3*y - 2943, -4*g + 4*y = -3868. What is the hundreds digit of g?
9
Suppose -4*a = t - 469, 0 = t + 5*a - 451 - 15. Let u = 1240 - t. What is the units digit of u?
9
Let z be 2/(-4) - (-11)/22. Suppose 3*r - 140 = -4*g, z = -4*g - 5*r + 1 + 131. What is the tens digit of g?
3
Let m(f) = f - 14. Let c be m(20). Let h(g) = 2*g**3 - 10*g**2 + 14*g + 15. What is the tens digit of h(c)?
7
Let u(b) = 3*b**3 - 45*b**2 + 47. Let v be u(14). Let h = -494 - v. What is the tens digit of h?
4
Let m = -501 - -488. Let w(u) = -2 - 16*u - 14*u**2 - u + 1 - u**3. What is the units digit of w(m)?
1
Suppose -2*a - 3*k + 4*k = -63, 29 = a + 2*k. Suppose 0 = 3*x + 2*x - 5. What is the tens digit of (a/5)/(x/((-10)/(-2)))?
3
Suppose 5 + 7 = 6*d. Let l be (d - 1) + -3 + -2. Let i(n) = 3*n**2 + 3*n + 4. What is the units digit of i(l)?
0
Let m(d) = -6*d - 16. Let s be m(-3). Let t(z) = 4*z - 5*z**2 - 11 + 6*z**2 + 6 + 3*z**s. What is the units digit of t(-5)?
5
Suppose f - 26256 = 5*g, -445*f = -442*f - 5*g - 78738. What is the units digit of f?
1
Suppose -3*z - 3*o - 6 = 0, -z - o = o. Suppose -313 = -11*b - 93. What is the hundreds digit of (494/z + 0)/((-10)/b)?
2
Let f be 1/((-3)/633)*(8 - -12). What is the tens digit of (f/(-8))/((-1)/(-2)) - 3?
5
What is the thousands digit of 8508 + 3/27 + (-2)/(3 - -15)?
8
Suppose 0 = 3*w - q - 9, 6*w - 10*w - 2*q + 2 = 0. Suppose 3*i + 4*t - 149 = 0, -9*t = w*i - 7*t - 96. What is the units digit of i?
3
Suppose a + 56 = z - 3*z, 4*a - 4*z = -284. Let m = -62 - a. Suppose -o - 441 = -p - 2*p, 0 = m*o. What is the hundreds digit of p?
1
Suppose o + 4*t + 2576 = 11122, 4*t - 42794 = -5*o. What is the tens digit of o?
6
Suppose 3*p = -7*a + 4*a + 106911, 0 = -4*a + 2*p + 142560. What is the units digit of a?
9
Let c = -2665 - -5597. What is the hundreds digit of c?
9
Let f(j) be the first derivative of 2*j**3/3 + 3*j**2 + 11*j + 24. Let u(x) = 3*x - 15. Let k be u(8). What is the hundreds digit of f(k)?
2
Let j(n) = 13 + 0*n - 2*n + 3*n. Suppose -139*t - 1823 = 67*t + 31. What is the units digit of j(t)?
4
Suppose 0 = -5*y + 5*i - 3*i + 12, -4*y + 3*i + 11 = 0. Let p be (-3)/y*-2 - -50. Suppose -8*k + 9*k - p = 0. What is the units digit of k?
3
Suppose 2*r + 2*d = 284, -d = -0*r + 2*r - 284. Let q = -138 + r. What is the units digit of 329*q*(-4)/(-56)?
4
Let j(r) = 9*r**2 - 7*r**2 - 2*r - 14 - 10*r. What is the tens digit of j(-6)?
3
Let d(c) = -c**2 + c. Let j(k) = -8*k**2 + 3*k - 10. Let b(m) = 4*d(m) - j(m). Let n(t) = t**2 - 5. Let f be n(0). What is the hundreds digit of b(f)?
1
Let y be ((-3220)/30)/(-14) + 2/(-3). Let j(v) = 13*v**3 - 72*v**2 + 2*v + 20. What is the units digit of j(y)?
5
Suppose 4*u - 4 = 4. Suppose 0*a - u*a = -2*c - 190, -c + 269 = 3*a. Suppose -4*l + 3*y + a = -32, -2*y = -2*l + 62. What is the tens digit of l?
3
Let l be 2/2*4*(-7)/(-28). Let g be l*10*4/(-8)*11. Let o = g - -154. What is the units digit of o?
9
Let c = 7514 + 357. What is the thousands digit of c?
7
Suppose -5*z - 3*d = 0, 5*d = z - 0*d + 28. What is the hundreds digit of 365/(-6)*2*z?
3
Let f be ((-56)/20)/(-7) + 18258/30. What is the units digit of 3/(-6 - f/(-101))?
1
What is the thousands digit of (432/(-45))/(2/(-900))?
4
Suppose x + 8 - 187 = g, 0 = -4*g - x - 706. Let m = -9 - g. What is the units digit of m?
8
Let t be (-165)/18 + 2/12. Let b be 0*(-3)/(-9)*t/12. Suppose -i = -2*x + 25, -2*x = -5*i - b - 5. What is the units digit of x?
5
Suppose -l - l - 5*a = -67, 4*l = 5*a + 59. Suppose 8*c + 8 = 40. Suppose -l = -c*r - 1. What is the units digit of r?
5
Let m(v) = 5*v + 3813. What is the tens digit of m(-30)?
6
Let f(j) = 1792*j**2 + 117*j + 670. What is the hundreds digit of f(-6)?
4
Let z = -21494 + 32304. What is the ten thousands digit of z?
1
Let a = 77 + -158. Let r = 294 + -180. Let v = a + r. What is the tens digit of v?
3
Suppose c + 5*v = 313, -5*c = -0*c + 5*v - 1605. Let b = -98 + c. What is the hundreds digit of b?
2
Suppose 11*x - 6*x - 3*r = 261948, 5*x - 261976 = -4*r. What is the units digit of x?
2
Suppose 0 = 10*v - 46 + 6. Suppose v*c - 3*m + 47 = -8, 5*c + 3*m + 62 = 0. Let r = 58 - c. What is the units digit of r?
1
Let n = -17 + 16. What is the tens digit of 110 + n*16/(-4)?
1
Let f = 4305 - 2778. Let q = f - 1014. What is the tens digit of q?
1
Let s = 216 - 214. Suppose 5*b + 16*c - 1880 = 11*c, -5*c = -s*b + 759. What is the tens digit of b?
7
Suppose 3*k + 0*t = 4*t + 9, 1 = 2*k - t. Let m be (-72)/30*(1 + k + 5). What is the tens digit of (m/(-8))/((-2)/(-268))?
0
Let w(v) = v**3 + 15*v**2 - 15*v - 14. Suppose 17*h = -2*h - 285. What is the tens digit of w(h)?
1
Let r be (-1702659)/(-63) + 4/6. What is the hundreds digit of r/81 - (-6)/(-9)?
3
Let z(o) = -17999*o - 54. What is the thousands digit of z(-2)?
5
Let v = 987 - 1827. Let h be (-226)/(-12) - 0 - 1430/1716. What is the tens digit of 2/6 - v/h?
4
Suppose -5*s + 3*o - 1290 = 5*o, 3*s + 5*o = -793. Let q be (-119 + (-8)/(-2))/1. Let z = q - s. What is the tens digit of z?
4
Let a = -1336 + 8584. What is the units digit of a?
8
Let v(q) = q**2 + q - 5. Let c(y) = 2*y**3 - 2*y**2 - y + 3. Let k be c(2). Suppose 16*n - 63 = k*n. What is the units digit of v(n)?
5
Suppose 65*s - 2*r + 207620 = 69*s, 2*r + 207588 = 4*s. What is the thousands digit of s?
1
Suppose -3*o + 0*a = -4*a, 0 = -o - 5*a. Let w(h) = h**3 - 2*h**2 + 5*h + 720. What is the tens digit of w(o)?
2
Let z be (20 - -5) + (1 - 4). Let c(v) = -v**2 + 17*v + 37. Let h be c(z). Let u = 31 - h. What is the tens digit of u?
0
Let n(s) = s**3 - 2*s**2 + 11*s - 8. Suppose -5 = -2*u + a, a = -u + 2*a + 1. Let c be n(u). Let t = c + -65. What is the units digit of t?
3
Let